*w**4/8 + 4*w**3/3 + 33*w**2. Let x(m) = -3*c(m) - q(m). Is x(-7) a prime number?
False
Let v(j) = 9*j**2 + 12*j + 7. Let c(o) = -2*o**2 + 24. Let k be c(-5). Is v(k) prime?
True
Let n(g) = 6*g**3 + 11*g**2 + 41*g - 61. Let p(s) = -8*s + 229. Let z be p(27). Is n(z) composite?
True
Suppose 379*s = 373*s + 828246. Is s composite?
False
Let w(d) = -3*d**3 - 24*d**2 + 127*d - 74. Is w(-24) composite?
True
Let q(w) = -3362*w + 7. Let u be q(-1). Let v = u - 1826. Is v a prime number?
True
Suppose 20*y - 2380996 - 343584 = 0. Is y composite?
True
Let d = 2 + 31. Let s = d + 580. Is s prime?
True
Suppose -27*r + 190245 = -112836 - 145200. Is r composite?
False
Let m(r) = -r**3 - 4*r**2 - r + 1. Let j be m(-4). Suppose 288 = 2*q + 4*u, -q - 511 = -j*q + 5*u. Is ((-7)/(-14))/(1/q) a prime number?
True
Let a(q) = -590*q + 17. Let y be a(-30). Suppose 0 = -433*x + 426*x + y. Is x a composite number?
False
Suppose 3*p = 3*l - 2*l - 9803, -4*l = 2*p - 39184. Is l composite?
True
Suppose 993 = 7*v - 1709. Let x = v + 833. Is x composite?
True
Suppose 0 = 2*z + 10*q - 8*q - 9546, -2*q - 2 = 0. Let l = 7219 + z. Is l a composite number?
True
Let i(q) = -17*q - 34. Let j be i(-2). Suppose 9*o - 5*k = 11*o - 1236, j = -4*o - 3*k + 2458. Is o prime?
True
Let j = 49 - -99. Suppose 236 = 6*u - j. Suppose -5*t + u = i, 3*t = -2*i + t + 104. Is i prime?
False
Let w be 15/(-35) + (9832/(-14))/4. Let b = w - -733. Is b a prime number?
True
Suppose 4*i + 56*p = 54*p + 40, i - 5*p = 10. Is i/4*(-5)/((-45)/17838) a prime number?
False
Let h(g) = -51*g**2 + 550*g + 9. Is h(10) prime?
True
Suppose 3*r = -4*r + 14084. Let x = r + -693. Is x a composite number?
False
Let z be 0/(5 - 6) + -1 + 3. Suppose 0 = -z*s - 2539 + 8081. Is s composite?
True
Suppose -g = 4*t - 2213, 14*g = 13*g + t + 2243. Is g a composite number?
False
Let y(f) = f**2 + f - 70. Let q be y(0). Let g = 65 + q. Is (0 - 3 - g) + 18*2 prime?
False
Let h be (-1)/5 + 50738*(-4)/40. Let i = -1869 - h. Is i prime?
False
Suppose -366477 = -20*o + 165963. Let b = o + -16751. Is b a prime number?
True
Is (-328)/287 + (-869948)/(-14) + 0 composite?
True
Let f(c) be the first derivative of 193*c**3/3 - c**2 + 17*c - 63. Is f(-6) composite?
False
Let z(h) = 16*h + 75. Let l be z(-6). Is 2518 - (66/l - 3/(-21)) a prime number?
True
Let t(x) = 4366*x**2 - 4*x - 3. Let k be t(-2). Let n = k - -11770. Is n prime?
False
Let x(r) be the second derivative of -43*r**5/120 - 3*r**4/8 - 7*r**3/6 - 11*r. Let j(w) be the second derivative of x(w). Is j(-2) a prime number?
False
Let k be (-5)/((-50)/24) + (-15)/(-25). Suppose -13449 = -6*a + k*a + 4*r, -4478 = -a + 3*r. Is a composite?
True
Let a be (-96)/256 + 421990/16. Suppose 0 = 8*m - 4*m + y - 35165, 3*m = -y + a. Is m a composite number?
True
Suppose -28 = -2*f - 5*d, 34 = 4*f + 2*d + 10. Let y be (f + 4)/((-8)/12). Is 1 + -196*y/8 prime?
False
Let p(j) = 7*j**2 + 198*j - 276. Is p(-79) a composite number?
True
Let k = -3091 - -3879. Suppose 3*v - 643 = -5*t + 768, -2*t - 1838 = -4*v. Let x = k - v. Is x a composite number?
True
Let j = 59974 - 507. Suppose 5*b - 22973 = 5*p + j, -2*p + 10 = 0. Is b prime?
True
Suppose 6*u + 0*u + 11*u = 4191299. Is u a composite number?
True
Let f(r) = -r**2 + 20*r + 22. Let m be f(21). Suppose -3*z + 1 = -q - m, -5*z + 70 = 5*q. Suppose 14 = 4*p + 3*u - q, 3*p - 21 = -3*u. Is p prime?
True
Let z = -113218 - -160052. Is z prime?
False
Let v = -29511 + 69634. Is v a composite number?
False
Let c be 1 - -3*40/12. Let q be 1*-3 - (4 - (c + 0)). Suppose q*f - 78 - 297 = -3*k, k + 3*f = 130. Is k prime?
False
Suppose -5*p = 4*p - 819. Suppose 0 = -x + p + 4007. Let q = -2467 + x. Is q prime?
False
Let u(w) = 1538*w**2 - 74*w + 715. Is u(-29) prime?
True
Suppose 4*c - 41 = 67. Let g(p) = 39*p + 166. Let q be g(-4). Let l = q + c. Is l prime?
True
Suppose 0 = j - m - 1, 2*j - 22*m + 27*m - 37 = 0. Suppose -2*i - 760 = -j*i - b, 4*b - 557 = -3*i. Is i a composite number?
False
Suppose 0 = 2*c + 4*g - 28, 3*c - 4*g = 2*c - 10. Let n(i) be the first derivative of 6*i**3 + 5*i**2 + 11*i - 1919. Is n(c) a composite number?
False
Suppose 0 = 3*a + 3*l - 285888, 571771 = 6*a - 227*l + 232*l. Is a a prime number?
False
Let u be (2 + -1)*(2 - -18). Suppose -3*h + 13*h - u = 0. Suppose h*j - 4491 = -7*j. Is j prime?
True
Let m(c) = -5 - 6 + c**2 + 18 + 6*c. Let n be m(-5). Suppose b + 0 = -n*s + 59, -b + 94 = -5*s. Is b prime?
False
Let x be (-4 - -2)/((-1)/(-15)*-3). Let s(b) = 12*b**2 - 16*b + 95. Is s(x) composite?
True
Let u be 0 - (4 + -6) - 2. Is (-8 + 7)*(-2119 + u - 0) a prime number?
False
Let q(r) = -14452*r**3 + 2*r**2 + 2*r + 1. Suppose -s + 4*s + 3*f + 12 = 0, -5*s = -4*f - 7. Let d be q(s). Let n = d + -8472. Is n a composite number?
False
Let k be 4/((-12)/(-9)) + 0. Let h be 2*4*5*k/30. Suppose 4*d - i - 1777 = 0, 6*d = d - h*i + 2237. Is d prime?
False
Let u = 1153 + 1409. Let y = -4 - 5. Is (y/(-3) - u)*(-2)/6 composite?
False
Suppose -5*m + 30637 = -4*u, -3*m + u + 6128 = -2*m. Suppose 3*o - m = 4036. Is o a prime number?
False
Let l = 47 + -53. Let w(j) = -j**2 - 4*j + 15. Let i be w(l). Suppose -4*p = -b - 0*b + 907, i*b - p = 2721. Is b a prime number?
True
Suppose 153*w = 155*w - c - 27802, -w - 4*c = -13901. Is w a prime number?
True
Let p be 3504 - 2 - (1 + 0). Suppose 4*j - j = p. Let g = 1645 - j. Is g prime?
False
Suppose 2*b + 0*b + 5*l + 3274 = 0, 2*b + 3*l = -3278. Suppose 6602 = 2*z + 4*a, -5*z = -4*z - 2*a - 3285. Let n = b + z. Is n prime?
False
Let j(d) = -55*d**3 + 2*d**2 - 103*d - 185. Is j(-14) a prime number?
False
Let v = 447 - 475. Let s(w) = -3*w**3 - 68*w**2 - 63*w - 39. Is s(v) a prime number?
False
Suppose 4417740 - 23651400 = -20*c - 40*c. Is c a prime number?
True
Suppose -65*j = -48*j - 4123367. Is j prime?
True
Suppose -250190 = -5*p - 53835. Is p a composite number?
True
Let q = 91 + -106. Let y = q + 36. Suppose -11*d = -y*d + 380. Is d prime?
False
Is -86331*(-14)/84 + 1 + (-10)/4 a composite number?
False
Let o = -790 + 790. Suppose -4*x + 134104 - 11788 = o. Is x a composite number?
True
Is ((-24)/108 + 2125715/225)*5 prime?
True
Let s be (0 - 0) + (0 - 2). Let m(n) be the third derivative of 13*n**5/3 - n**3/6 - 6549*n**2. Is m(s) a prime number?
True
Let w(l) = -16 + 4 + 5*l + 465*l**2 - 14*l - l - 6*l. Is w(5) a composite number?
True
Let t = 1165383 + -774856. Is t a composite number?
False
Suppose 27 = 3*z + 3*y, -5*y + 30 = -2*z + 4*z. Suppose z*t = n + 15, -t = -2*n - 0 - 12. Let u(q) = 198*q**2 - 5*q + 5. Is u(t) composite?
False
Is (3 + (-998588)/12)/(62/(-93)) composite?
False
Suppose -193*t = -171*t - 26706573 + 7431383. Is t composite?
True
Let l(t) = -t**2 + t + 2. Let j be l(0). Let h be -4*(j + (-4)/(-16)). Let v(c) = -c**2 - 12*c - 8. Is v(h) a composite number?
False
Let u = 91658 + 102803. Is u a composite number?
True
Let p(v) = -3*v**3 - 4*v**2 + v + 19. Let i be p(-12). Suppose -5*g + 7686 = -c, -g - 4*c - i = -4*g. Is g a prime number?
False
Let n be (1964/2)/((-4)/(-136)). Suppose -2*i = -n + 4222. Is i prime?
False
Is (-6259792)/(-2079) + (-1)/(-27) a composite number?
False
Let b(z) = 30054*z - 315. Is b(8) prime?
False
Suppose 0 = 4*b + 4*v - 8, 2*v + 2 = -3*b + 3*v. Suppose b = -2*q + 21 - 301. Is (-3)/((-2)/(q/(-6))) a composite number?
True
Let n(j) = 32 - 16*j + 3*j**2 + j**2 - 3*j**2 + 32*j. Let o be n(-25). Let q = o + -130. Is q a composite number?
False
Suppose -2*r + 3*v + 207 = r, 0 = 5*v - 15. Let f = 2023 + r. Is f a composite number?
True
Let x be (-78)/65 - 78/10. Is 176/(-396) + (-37003)/x prime?
True
Suppose -7*k = k - 3*k - 1388515. Is k prime?
True
Suppose 0 = -4*x - 67 + 127. Is 3/(x/(-10390))*(-2)/4 prime?
True
Suppose -5*x + 92789 + 179163 = -219353. Is x a prime number?
False
Let x(s) be the second derivative of 16*s**3/3 - 7*s**2/2 - 2*s - 21. Is x(7) composite?
True
Suppose 4*r = 5*a - 529295, 4*r - 255816 - 273519 = -5*a. Is a a composite number?
False
Let k be ((-2)/(-6))/(1/54*1). Let z(a) = 27*a**2 - 27*a + 23. Let m(n) = 13*n**2 - 14*n + 11. Let x(w) = 9*m(w) - 4*z(w). Is x(k) a prime number?
False
Suppose 990 - 1014 = -3*z. Suppose z*p + 279 = 3263. Is p composite?
False
Suppose 5*x - 381969 = 2*q, 228*x - 611216 = 220*x - 5*q. Is x composi